igit of s?
5
Let o be ((-5)/(-2))/(10/4 + -2). Suppose 4*i + 2*u - 206 = 0, o*u + 125 = 2*i + 28. What is the units digit of i?
1
Let g = 792 - 65. What is the hundreds digit of g?
7
Let x(m) = -m**3 + 9*m**2 - m + 1. Suppose -3*c - 3*k + 4*k = -25, 3*c + 3*k - 9 = 0. What is the tens digit of x(c)?
9
Let g(u) = u**2 + u. Let l(v) = v**2 + 3*v - 5. Let b(t) = 2*g(t) + l(t). Let a be b(-5). Let k = 67 - a. What is the tens digit of k?
2
Suppose -7*s + 515 = 193. What is the units digit of 3 + 0 + (-8 - -4) + s?
5
Let j be ((-27)/18)/((-2)/(-4)). What is the tens digit of 111 - (-2)/(-4)*(1 + j)?
1
What is the tens digit of (1/(-2))/(1482/(-296) - -5)?
7
Suppose -5*o + 2259 = -1621. What is the units digit of o?
6
Suppose -4 = 4*l - 24. Suppose m - 335 = -l*c, 1974 = 4*m - 2*c + 568. What is the hundreds digit of m?
3
Let r be 1/5 - (-240)/50. Suppose -2*x + 3 = -4*n + 1, 0 = -r*n + 3*x - 4. Let i = n - -12. What is the units digit of i?
3
Let y = -7 - -19. Suppose 0 = -4*i + 20 - 8. Suppose y = i*n + 3*n. What is the units digit of n?
2
Let d = -23 - -24. Let c be d/(-1 + (-15)/(-18)). What is the units digit of -1 - 27/c*4?
7
Let a(y) = -y**2 - 18*y - 12. Let i be a(-17). Suppose -8*q + 3*q = i*m - 90, -3*q + 4*m + 47 = 0. Let j = q - 13. What is the units digit of j?
4
Suppose -7*y + 12*y = -115. Let t = 88 + y. What is the tens digit of t?
6
Suppose -9*k = -460 - 1439. What is the units digit of k?
1
Let x(q) = -355*q**3 + 7*q + 7. What is the units digit of x(-1)?
5
Let v = 914 + 432. What is the units digit of v?
6
Let z(k) = k + 1. Let m = -15 + 12. Let a be z(m). What is the units digit of 12/(-4)*a*5?
0
Let l(z) = -z**3 + 6*z**2 + 2*z + 3. Suppose -5*p - 6 = -6*p. Let n be l(p). Suppose -4*r - 3*a + n + 61 = 0, -4*r = 2*a - 80. What is the tens digit of r?
2
Let j(f) be the first derivative of 1/2*f**2 + f + 1 + 19/3*f**3. What is the tens digit of j(-1)?
1
Let n(x) = -x**3 - 6*x**2 - 10*x + 5. Let d = -31 - -25. What is the tens digit of n(d)?
6
Let i(l) = -57*l + 577. What is the hundreds digit of i(-47)?
2
Let x be (-2102)/8 + (-1)/4. Let a = -164 - x. What is the units digit of a?
9
Let s(v) = v - 1. Let y(g) = -g**2 + 3*g + 7. Let l(t) = 2*s(t) + y(t). Let c be l(5). Let d = c - 4. What is the units digit of d?
1
Suppose -3*f - 3 = 0, -n - 2*f - 38 = -2*n. Suppose 2*x + 2*x - n = 0. Suppose 12 = 3*h - x. What is the units digit of h?
7
Let y = -12 + 23. Suppose -4*c + y = z, -3*z = 3*c - 2*z - 9. Suppose 1 = c*n - 5. What is the units digit of n?
3
Let r(p) = 75*p**2 - p. Let s be -4 - (2 - 10/2). What is the tens digit of r(s)?
7
Let f(x) = -x**3 + 16*x**2 + 2*x + 11. Let a be f(16). Suppose a = -5*b + 6*b. What is the units digit of b?
3
Let q(s) = s**2 - 16*s - 71. What is the tens digit of q(33)?
9
Let u(k) = -k**3 - 5*k**2 + 2*k + 26. What is the units digit of u(-6)?
0
Let i be (-3 - -5)*-3 - -3. Let n be (-8)/(-12)*3 + i. What is the units digit of n + (-3)/(-6)*66?
2
Let j(r) = -2*r**3 - 2*r**3 - 6*r - 7*r**3 - 4 + 20*r**3 + 7*r**2 - 10*r**3. Let x be 66/14 - (-4)/14. What is the units digit of j(x)?
6
Let q be 0*(8/(-3) + 3). Suppose -u = -q*u. Suppose -4*m = -3*j + 84, -2*j - 3*m = -u*m - 56. What is the tens digit of j?
2
Let s = 3769 - 2394. What is the units digit of s?
5
Suppose 7 - 17 = -5*u. Let i = 3 + u. Suppose i*o = 109 + 16. What is the tens digit of o?
2
Suppose 5*x = -0*x - 25, 2*x - 410 = -4*k. What is the tens digit of k?
0
Let m(k) = k + 1. Let n be m(1). Let r be (n/4)/((-3)/(-144)). Let p = r - 16. What is the units digit of p?
8
What is the thousands digit of 32200/(0 - -7) - (-24)/(-4)?
4
Suppose -11*a - 4444 = -33*a. Let o = -4 - -7. Suppose -3*s - a = -o*j + 2*s, -4*j - 3*s + 279 = 0. What is the tens digit of j?
6
Let b = 45 + -4. Let x = -48 - -25. Let d = b + x. What is the units digit of d?
8
Suppose -5*y + 111 = -3*b, -3*y + b = 3*b - 78. Suppose y*h - 29*h = -1105. What is the tens digit of h?
2
Let u be (1 + 5 - 3)/(-1). Let t be 1906/8 + u/12. Suppose -2*j + 4*b = -4*j + 142, b - t = -3*j. What is the tens digit of j?
8
Let i = 3 - -4. Let c(m) = -m**2 + 6*m + 10. Let k be c(i). Suppose -81 - k = -4*l. What is the tens digit of l?
2
Let m be (0 - 1)/(2/(-34)). Suppose 0 = -n + q + m, 0 = 2*n - 3*q - q - 28. Suppose 5*v - 10 = n. What is the units digit of v?
6
Suppose -2580 = -5*s + 3*s. Let z be s/45 - 2/3. What is the units digit of 1/(4/(5*z))?
5
Suppose -9*f = -28 - 17. Suppose -5*h = -15, 4*k - 26 = -f*h + 77. What is the units digit of k?
2
Suppose -28 + 0 = -4*n. Suppose -4*r = -17 - n. Let i(w) = w**3 - 7*w**2 + 8*w - 6. What is the units digit of i(r)?
6
Let x(q) = -25*q + 376. What is the thousands digit of x(-25)?
1
Let w be 0 + (-1 - -4 - -1). Suppose h = w*h - 102. What is the tens digit of h?
3
Suppose -6*r = -173 + 41. Suppose w + w = r. Suppose 0 = -w*x + 7*x + 148. What is the tens digit of x?
3
Let p(v) = 12*v**2 - 5*v + 12. Suppose 5 - 14 = -3*o. What is the hundreds digit of p(o)?
1
Let x(c) = 5*c**3 + 7*c - 11. Let u(d) = 11*d**3 + 14*d - 23. Let j(m) = 4*u(m) - 9*x(m). What is the units digit of j(-4)?
9
What is the units digit of ((-78)/(-234))/((-1)/(-510))?
0
Let p = 10 + -4. Suppose -s = -3*s + p. Suppose 3*o + 2*v = 1, -v - s*v = 4. What is the units digit of o?
1
What is the hundreds digit of ((-86)/3)/((-28)/336)?
3
Let g(r) = -13*r**3 - r**2 + 10*r + 20. What is the tens digit of g(-3)?
3
Suppose 3*z - 3*t - 5427 = 0, -5430 = -3*z + 5*t - 3*t. What is the tens digit of z?
1
Let x = 5251 - 883. What is the thousands digit of x?
4
What is the units digit of ((-1557)/(-15))/(54/450)?
5
Let u = -20 - -18. Let q be -18*(u/4)/1. Suppose 84 = 2*k - 5*b, 3*k = -b + 118 - q. What is the tens digit of k?
3
Let u(p) = 31*p - 378. What is the units digit of u(33)?
5
Suppose -12 = -2*d + 4*n, 2 = -5*d + n + n. Let w = d - -5. What is the units digit of w?
3
Suppose -2*m = -2*v + 800, -2*m - 2018 = -5*v - 6*m. What is the tens digit of v?
0
What is the tens digit of (-2 + (-464)/5)/(33/(-165))?
7
Let k(z) = 203*z - 5. Let t(f) = 101*f - 3. Let q(u) = 4*k(u) - 9*t(u). What is the units digit of q(-1)?
4
Let z be (3/9)/(4/192). What is the tens digit of ((-13)/(-1))/(4/z)?
5
Suppose 0 = 48*l - 58283 - 38101. What is the tens digit of l?
0
Suppose 4*d + 0 - 8 = 0. Suppose 2*n = d*o + 118, o + 234 = 4*n - o. What is the units digit of n?
8
Suppose 4*o + 652 = -5*u + u, -4*o + 851 = -5*u. Let d = u - -311. What is the units digit of d?
4
Let n(m) = -2*m**2 - 7*m + 16. Let d be n(-5). Let p(l) = 165*l - 12. What is the hundreds digit of p(d)?
1
What is the hundreds digit of ((-110)/33 - -4) + 3652/3?
2
Let k be (-1138)/18 + 4/18. Let n = -1950 + 1827. Let c = k - n. What is the units digit of c?
0
Let o = 2030 - 1233. What is the hundreds digit of o?
7
Suppose -12775 + 2173 = -6*k. What is the tens digit of k?
6
Let z be -3 - (-2)/(10/135). Suppose -b + z = 3*b. What is the units digit of b?
6
Let z(p) = -15*p - 20. Let b be z(-12). Suppose 50 = 3*a - b. Let c = a - 28. What is the units digit of c?
2
Suppose -16*r + 27846 = 26*r. What is the hundreds digit of r?
6
Suppose 0 = -4*g - 5*y + 140, -46 = -4*g - y + 78. Suppose -4*b + 38 = 10. Suppose -b*m + g = -5*m. What is the units digit of m?
5
Let x(f) = f + 2. Let t(l) = -6*l - 9. Let r(m) = -2*t(m) - 11*x(m). Let o be r(4). What is the tens digit of 14 - o/(2/1)?
1
What is the tens digit of 2/(-7) + 4752/21 + 8?
3
Suppose 10*i = 9*i - 531. Let w = -299 - i. What is the units digit of w?
2
Let v = 1997 + 378. What is the units digit of v?
5
Let y(v) = 2*v**3 - 2*v**2 + 1. Let c = -16 + 17. Let x be y(c). What is the units digit of (-69)/(-6) + x/(-2)?
1
Let d(r) = r + 16. Let b be 30/70 - 25/(-7). Suppose 4*q + 32 + 27 = -3*y, b*q = y - 55. What is the units digit of d(q)?
2
Let r = -21 - -23. Suppose -n + 4 = 0, 2*v + r*n = -3*n + 98. Let d = v + -14. What is the tens digit of d?
2
Let u(o) = o**2 + 12*o - 17. Let t be u(-13). Let j be (0 - 1)/(2/t). Suppose 0*a = -j*a - 2, -3*a + 15 = 3*c. What is the units digit of c?
6
Let h = 206 + 883. What is the units digit of h?
9
Let v(t) = 59*t**3 + 6*t**2 - 15. What is the tens digit of v(3)?
3
Suppose 6*w - 22 = -4. Let x(l) = -30*l. Let h be x(w). Let i = h - -157. What is the u